8. Let z = 6 - 16. Let d = w - z. What is the greatest common factor of d and 48?
6
Suppose -6 - 1 = -2*p + 3*i, 0 = 5*p + 5*i + 20. Let t(f) = 58*f**2 + 15*f - 45*f**2 - 12*f + 2. Let z be t(p). What is the highest common factor of z and 4?
4
Let v(h) = 4*h**3 - 4*h**2. Suppose -4*g + 2 = g - 2*j, -3*g - j = -10. Suppose 0 = -g*l + 4 + 2. Let z be v(l). What is the greatest common divisor of 8 and z?
8
Suppose -5*g + 365 = 5*m, -344*g + m = -343*g - 87. Let y be 1*8*(-4 + 3). Let u be 2*(-2)/y*32. Calculate the highest common factor of g and u.
16
Let p(s) = -2*s - 2*s - 4*s - 3 - 3. Suppose -15 = 4*m + 13. Let z be p(m). Calculate the greatest common divisor of 125 and z.
25
Suppose -3*y = -7*y + 4*j + 64, -3*j + 15 = 0. What is the greatest common divisor of 105 and y?
21
Let l(u) = -3*u - 12. Let n be l(-5). Suppose -3*v + 6 = 4*c - 35, 0 = 5*v - n*c - 20. What is the highest common factor of v and 175?
7
Let y(m) = -37*m - 149. Let v be y(-5). Calculate the greatest common divisor of 156 and v.
12
Let o be 6/(-4)*144/(-27). What is the highest common factor of o and 10?
2
Let c(g) = -g**3 - 3*g**2 - 7. Suppose 4*t = -2*v + 6, 2*t + t - 27 = 3*v. Let a be c(v). What is the greatest common divisor of a and 172?
43
Let u = -462 - -472. Calculate the greatest common divisor of 10 and u.
10
Let j(o) = o**3 - 14*o**2 + 43*o + 6. Let i be j(10). What is the greatest common divisor of 342 and i?
18
Let i = -23 - -16. Let n = i + 10. Suppose -56 = -n*c - 8. What is the greatest common factor of c and 8?
8
Let f = 677 + -391. What is the highest common divisor of f and 78?
26
Suppose -2*z - 4*d = -88, 3*z - d + 5*d = 136. Suppose 11*u - 216 = -7*u. What is the greatest common factor of z and u?
12
Let f = -646 + 751. Let z(j) = j**3 + 5*j**2 - 4*j - 5. Let v be z(-5). Calculate the highest common divisor of v and f.
15
Let w(f) = 129*f + 3. Let p be w(-1). Let g = p + 241. What is the greatest common factor of g and 46?
23
Let s be (72/32)/(-1*(-12)/608). Calculate the highest common factor of s and 171.
57
Let b be (-54)/(-8) + 1/4. Let s be (-7 + b)*2/(-4). Let k be 3 - (4 - (25 - s)). Calculate the greatest common factor of 60 and k.
12
Suppose -2*a + 4*g = -44, 4*a - 11 = -g + 77. What is the greatest common divisor of 77 and a?
11
Suppose -7*k + 46 = -17. Let h be (2302/(-4))/((-4)/(-16)). Let y be 4/18 - h/k. What is the greatest common factor of 32 and y?
32
Suppose -s - 11 = -77. Let j be (7 - 5)*(-36)/(-4). Suppose 3*l = 6*l - j. What is the highest common factor of s and l?
6
Let x be (-7)/(14/(-12)) - (0 - -1). Suppose i - 48 = -3*i - 2*m, 5*m + 90 = x*i. Calculate the highest common factor of i and 21.
7
Suppose 4*i - 2*i = 4, i = 2*r - 20. What is the highest common divisor of 1 and r?
1
Let s be 6/2*(-2 - -3). Let x = 6 + -5. Let i = x - 0. Calculate the greatest common divisor of i and s.
1
Suppose -2*b - 22 = -d, 13*b - 110 = -5*d + 11*b. Calculate the greatest common divisor of 704 and d.
22
Suppose 0 = 2*a - 17 - 13. Suppose -4*c + 12 = 0, -2*u + u = -3*c - 21. Suppose 2*p + 20 = u. Calculate the greatest common factor of a and p.
5
Let s = 51 + -31. Let f(x) = x**2 - 8*x + 60. Let h be f(8). What is the greatest common divisor of h and s?
20
Suppose -5*x = -3*x - i - 1117, 5*i = -x + 575. Calculate the greatest common factor of 60 and x.
20
Suppose 5*j - 4*j + b = -11, -2*j - 16 = -4*b. Let z be (48/(-20))/(-1 - 7/j). Calculate the greatest common factor of 24 and z.
8
Let u be (1 - -11)*-2 - -4. Let p = u - -36. Suppose -12*n - 32 = -p*n. Calculate the highest common divisor of 40 and n.
8
Let r = 1528 + -1448. What is the greatest common divisor of 230 and r?
10
Suppose 0 = -2*b + 4*c + 8 - 0, 0 = -2*b - 4*c - 16. Let g be (-12 - -9)*(b - 8). Calculate the greatest common factor of 12 and g.
6
Let u(h) = 163*h + 2. Let g be u(2). Suppose 15*p = 11*p + g. Let s be (-11)/(-33) + p/6. What is the greatest common divisor of s and 14?
14
Let x be 31/11 - (-26)/143. Let b = -1 - -3. Suppose x*c - 6 = b*c. What is the greatest common divisor of 48 and c?
6
Let g = 23 + -23. Suppose 8 = 2*a - g. Let n be ((-74)/a)/((-1)/2). What is the greatest common divisor of 37 and n?
37
Suppose 207 = -7*q + 11*q - h, 2*q + h = 99. Calculate the highest common factor of 2958 and q.
51
Let m be 200*(-1)/(-12)*18. Calculate the highest common divisor of 60 and m.
60
Suppose 56 - 356 = -5*n. Let a(f) = -8*f - 2. Let s be a(-4). Calculate the greatest common factor of s and n.
30
Let w = -5 + 9. Suppose 2*x - 2*s - 9 - 31 = 0, w*s = 12. What is the highest common factor of 23 and x?
23
Let r be 12/(-4) - (59 - (3 - 3)). Let m = 75 + r. What is the greatest common divisor of m and 104?
13
Let b = -14 + 24. Let w(k) = k**3 - 3*k**2 - 5*k + 5. Let l be w(5). Calculate the highest common divisor of b and l.
10
Let a = -7 - -20. Suppose 0 = 178*h - 9538 - 2032. What is the highest common factor of h and a?
13
Suppose -43*n + 47*n - 44 = 0. Calculate the greatest common divisor of n and 253.
11
Let h be ((-287)/(-7) + 4)/(6/20). Suppose 4*c - h = 10. Let a(i) = 4*i**2 - 3*i. Let s be a(2). What is the highest common divisor of s and c?
10
Suppose 4*k - 5*u = 38, -3*k + u = 3*u - 17. Let v = k + 21. What is the highest common divisor of 4 and v?
4
Suppose 2*f - 3 - 1 = 0. Suppose -48 + 20 = -f*p. What is the highest common divisor of p and 140?
14
Let j be 4/10*(16 + -1). Suppose -j*f + 2*v + 16 = -2*f, 0 = 4*f + v - 10. Let i = 8 - 5. What is the greatest common factor of i and f?
3
Let p(t) = 2*t - 12*t + t**3 + 5*t**2 - 16 + 3 + 5*t**2. Let x be p(-5). Calculate the highest common factor of 18 and x.
18
Suppose 0 = -p + 3*c + 60, -181 = -5*p - 4*c + 100. Let a(o) = o**2 + 6*o - 2. Let z = 10 - 6. Let q be a(z). Calculate the greatest common factor of p and q.
19
Suppose -5*g = 0, 109 = -4*d - 4*g + 413. Calculate the highest common divisor of d and 1064.
76
Let p be (-16)/(-9) - 4/(-18). Suppose 10*z = 3*z. Suppose z = 2*d - 22 - 6. Calculate the highest common factor of p and d.
2
Let w be (6/(-4))/(5/10). Let z be (0 + w/(-9))/((-1)/(-165)). What is the highest common factor of 22 and z?
11
Suppose -179 + 17 = -2*h - j, -3*j + 154 = 2*h. Let r = h + -72. What is the greatest common divisor of r and 88?
11
Let s(r) = -26*r - 307. Let n be s(-14). What is the greatest common divisor of n and 57?
57
Let v be (-81)/9 + 10 - -23. Calculate the greatest common factor of 40 and v.
8
Let j = 10 + 25. Let g be (3 + 11)*(-3 - -1). Let x = -14 - g. Calculate the greatest common factor of j and x.
7
Suppose 5*g - 215 = 185. Let t = -149 - -159. Calculate the greatest common factor of g and t.
10
Let q be 0/(-2*(-4 + 5)*1). Suppose 7*u - 68 - 170 = q. Calculate the highest common divisor of u and 272.
34
Let y(f) = -149*f - 9. Let x be y(3). Let a = x + 676. Let t(w) = 2*w + 8. Let i be t(6). Calculate the greatest common divisor of i and a.
20
Let s = -25 + 33. Suppose 0 = 4*a + s, 288 = -5*m - 4*a + 2700. What is the highest common divisor of m and 44?
44
Let q(x) = 2*x**2 - 2*x + 14. Suppose -25 = 101*t - 106*t. Let v be q(t). Calculate the highest common divisor of v and 12.
6
Let l = -11 + 132. Let s = l - -724. Suppose 8*v = -z + 3*v + 143, 5*z - v = s. Calculate the greatest common divisor of 24 and z.
24
Let u(y) = 16*y. Let m be u(1). Suppose 5*o = -4*t + 76, -3*o = -8*t + 3*t - m. Let j = o + 3. What is the greatest common factor of 60 and j?
15
Suppose -60 = 8*l - 10*l. Let c = -25 + l. What is the greatest common factor of c and 10?
5
Let g be (-18)/(-81) - 2221/(-9). Calculate the highest common divisor of g and 13.
13
Let k(y) = -18 + 13 + 27 + 17*y. Let c be k(11). What is the highest common divisor of c and 19?
19
Suppose -172 = -5*z + 28. Let a be 3/(5/((-120)/(-9))). Let w = a - 3. What is the highest common factor of z and w?
5
Suppose 3*g = c - 544, -4*c + c + 372 = -2*g. Let n = g + 252. What is the highest common factor of 8 and n?
8
Suppose -691 = -5*r + 59. Suppose -5*w = -r - 190. What is the greatest common factor of w and 4?
4
Suppose 2*a = 0, 5*h - 5*a + 0*a = 35. What is the greatest common divisor of 28 and h?
7
Suppose -80*r = -83*r + 96. What is the greatest common factor of r and 176?
16
Suppose -3*m - 3*d = -7*m + 3, 5*m = -5*d 